188
What is the greatest common factor of 1440 and 4090?
10
What is the greatest common divisor of 714 and 573138?
102
What is the highest common factor of 7107 and 621?
69
Calculate the highest common factor of 963 and 231.
3
What is the highest common factor of 5986099 and 14?
7
What is the highest common factor of 168 and 73200?
24
What is the highest common factor of 8177 and 5402?
37
What is the greatest common factor of 10 and 5936190?
10
Calculate the greatest common factor of 1922 and 2.
2
Calculate the highest common divisor of 1112 and 328.
8
What is the greatest common divisor of 34617 and 99?
33
Calculate the highest common factor of 984687 and 53.
53
What is the greatest common divisor of 11303 and 3827?
89
What is the greatest common divisor of 4 and 159284?
4
What is the highest common divisor of 20117700 and 1350?
1350
Calculate the highest common factor of 61875 and 36875.
625
What is the highest common divisor of 6590 and 15?
5
Calculate the greatest common divisor of 4280 and 56.
8
Calculate the highest common divisor of 44 and 5874.
22
Calculate the greatest common factor of 900 and 3024.
36
What is the greatest common factor of 1064 and 240730?
266
What is the highest common factor of 2260 and 1196896?
452
What is the greatest common divisor of 72 and 39438?
18
What is the greatest common factor of 3402 and 546?
42
Calculate the greatest common divisor of 204096 and 384.
192
What is the highest common factor of 35028 and 21?
21
Calculate the greatest common divisor of 1632 and 27948.
204
Calculate the highest common factor of 318 and 36093.
159
What is the greatest common factor of 187 and 30957?
17
Calculate the greatest common factor of 15756 and 444.
12
What is the highest common divisor of 71501 and 381?
127
What is the highest common factor of 324 and 440676?
36
Calculate the highest common divisor of 14274 and 1157.
13
Calculate the greatest common divisor of 82894 and 3.
1
What is the highest common divisor of 1834 and 26096?
14
What is the highest common factor of 18009 and 42543?
261
Calculate the highest common factor of 5010 and 809616.
1002
What is the highest common divisor of 175 and 62090?
35
Calculate the greatest common factor of 225344 and 1456.
112
Calculate the highest common divisor of 66708 and 3488.
436
What is the greatest common divisor of 11 and 325424?
11
What is the greatest common factor of 120 and 1210620?
60
Calculate the highest common divisor of 1211756 and 28.
28
What is the highest common divisor of 465 and 2524640?
155
What is the greatest common divisor of 16507 and 321401?
971
What is the highest common factor of 1311299 and 73?
73
What is the highest common divisor of 2016396 and 36?
36
Calculate the greatest common factor of 6201 and 6996.
159
Calculate the greatest common factor of 6447 and 614.
307
What is the highest common factor of 45339 and 1428?
357
Calculate the greatest common factor of 20 and 260170.
10
What is the highest common divisor of 1391944 and 8?
8
What is the greatest common factor of 3 and 36729?
3
What is the highest common divisor of 198 and 117909?
99
What is the greatest common divisor of 150 and 18675?
75
What is the greatest common factor of 558752 and 1824?
608
What is the greatest common divisor of 8149845 and 165?
165
What is the greatest common divisor of 10 and 32530?
10
What is the greatest common divisor of 345 and 5657195?
115
Calculate the greatest common factor of 450 and 5634.
18
What is the highest common factor of 7 and 76545?
7
What is the greatest common divisor of 92 and 64331?
23
What is the greatest common factor of 130727 and 2263?
31
Calculate the highest common factor of 358196 and 149.
149
What is the highest common factor of 221 and 2330037?
17
What is the greatest common divisor of 891 and 9954?
9
What is the highest common factor of 34507 and 209?
11
Calculate the greatest common divisor of 10089 and 472.
59
Calculate the greatest common divisor of 7911 and 4688.
293
Calculate the highest common divisor of 4147 and 188529.
319
Calculate the highest common factor of 2690049 and 223.
223
Calculate the highest common factor of 1010355 and 15.
15
Calculate the highest common divisor of 481 and 16798.
37
Calculate the highest common divisor of 7599861 and 18.
9
Calculate the highest common factor of 88 and 24728.
88
Calculate the highest common divisor of 85046 and 338.
26
What is the greatest common divisor of 12 and 20742?
6
Calculate the greatest common factor of 411349 and 17.
17
What is the greatest common divisor of 14111 and 2781?
103
What is the highest common divisor of 8576 and 12?
4
Calculate the greatest common factor of 19275 and 5.
5
Calculate the highest common divisor of 32470 and 30.
10
What is the greatest common factor of 96848 and 32?
16
Calculate the highest common divisor of 35 and 156415.
35
What is the greatest common divisor of 291617 and 1426?
713
Calculate the greatest common divisor of 228 and 20444.
76
Calculate the greatest common divisor of 29926 and 286.
26
What is the highest common factor of 72160 and 180?
20
What is the highest common divisor of 4323771 and 36?
9
What is the greatest common divisor of 657 and 75263?
73
Calculate the highest common factor of 200649 and 6.
3
What is the greatest common factor of 344712 and 4664?
424
What is the greatest common divisor of 567086 and 442?
442
What is the highest common factor of 280 and 29160?
40
What is the greatest common factor of 347524 and 11052?
1228
Calculate the highest common factor of 76 and 4572.
4
What is the greatest common factor of 286570 and 10?
10
Calculate the highest common factor of 1064 and 38248.
56
What is the greatest common divisor of 247941 and 891?
81
What is the greatest common divisor of 7332 and 47940?
564
Calculate the greatest common divisor of 5 and 231709.
1
Calculate the highest common factor of 22245 and 135.
15
What is the greatest common factor of 54 and 161649?
27
What is the greatest common factor of 74084 and 4?
4
Calculate the greatest common divisor of 2990 and 1378.
26
What is the highest common factor of 549 and 234?
9
Calculate the highest common factor of 60 and 125274.
6
What is the highest common factor of 1021449 and 429?
429
Calculate the highest common factor of 96789 and 462.
231
What is the greatest common divisor of 198 and 19701?
99
What is the highest common factor of 1253300 and 581?
83
Calculate the highest common divisor of 42887 and 26.
13
What is the greatest common divisor of 12648 and 7812?
372
Calculate the highest common divisor of 3993 and 129.
3
Calculate the highest common factor of 20 and 3855.
5
What is the highest common divisor of 210 and 55041?
21
Calculate the highest common divisor of 7175412 and 158.
158
Calculate the greatest common divisor of 19173 and 2310.
231
Calculate the highest common divisor of 563696 and 3.
1
What is the highest common divisor of 1905 and 143510?
635
Calculate the greatest common divisor of 36666 and 271600.
1358
What is the highest common factor of 16 and 32768?
16
What is the highest common divisor of 11776 and 133216?
736
Calculate the highest common factor of 2336 and 150088.
584
What is the highest common divisor of 38695 and 3815?
545
What is the highest common factor of 14425 and 1040?
5
What is the greatest common factor of 26922 and 154?
14
What is the greatest common divisor of 10016 and 57279?
313
What is the greatest common divisor of 20466 and 567363?
1137
What is the highest common divisor of 25842 and 1314?
438
What is the highest common factor of 75 and 475?
25
Calculate the highest common divisor of 50 and 1042310.
10
What is the greatest common divisor of 192 and 24186?
6
Calculate the highest common factor of 1545 and 139565.
515
What is the greatest common divisor of 2142 and 461601?
1071
What is the greatest common divisor of 1024 and 44?
4
Calculate the highest common factor of 28 and 320838.
14
What is the greatest common divisor of 11877 and 4815?
321
Calculate the highest common divisor of 63383 and 964.
241
What is the greatest common divisor of 17712 and 1152?
144
Calculate the highest common factor of 1469 and 2197.
13
Calculate the greatest common divisor of 12 and 57496.
4
Calculate the highest common factor of 2 and 11.